be h(-3). Let n = 1 + q. What is the units digit of n?
7
Suppose 4*v - 60 = 2*h, 0 = -5*h + 2*h. What is the tens digit of v?
1
Suppose 0 = 3*f, 3 = -a + 3*f + 6. Suppose u + a*u = 24. What is the units digit of u?
6
Let h be (0 + 2)*(-3)/2. Let j be 28/3 + (-4)/12. Let a = h + j. What is the units digit of a?
6
Let w = 49 + -24. What is the units digit of w?
5
What is the tens digit of -8 + 95 - (-1 + 2/(-1))?
9
Let a(y) = 23*y - 46. What is the tens digit of a(15)?
9
Let o(s) = s + 3. What is the tens digit of o(9)?
1
Let r = -15 - -21. What is the units digit of (7/(-3))/(r/(-18))?
7
Let z(k) = -k**3 + 10*k**2 - 5*k + 12. What is the tens digit of z(9)?
4
Suppose -5 = 2*g - 3*g. Suppose 11 = v - g*o, -v + 3 = o - 4*o. What is the units digit of (1/1)/((-3)/v)?
3
Let m(g) = -6*g**2 + 4*g - 3. Let b(h) = 7*h**2 - 4*h + 4. Let t(w) = -5*b(w) - 6*m(w). What is the units digit of t(6)?
0
Let m = 23 - 1. Suppose i - 3*k + 19 = -i, 4*k = i + m. What is the units digit of ((-45)/6)/(i/4)?
5
Let z = -12 + -12. Let h = z + 42. What is the tens digit of h?
1
Let l(j) = 3*j**2 + 5*j + 5. What is the units digit of l(-4)?
3
Let l = -12 + 29. Let o = -1 + l. What is the units digit of o?
6
Let i be 1507/7 - (-4)/(-14). What is the tens digit of (-2)/6 + i/15?
1
Suppose -3*p = -4*x + 50, 6*x + 5*p - 66 = 2*x. Let b be 4/x + (-38)/(-14). Let k(l) = 3*l + 4. What is the tens digit of k(b)?
1
Let p(q) be the second derivative of q**3/2 - q**2/2 - 4*q. What is the tens digit of p(10)?
2
Suppose -p - 2*p = 0. Suppose -3*v - 2*v + 75 = p. What is the units digit of v?
5
Let p(q) be the first derivative of -q**3/3 - 2*q**2 + q - 1. Let g be p(-2). Suppose -g*m - 22 = -67. What is the units digit of m?
9
Suppose 0 = -9*u + 4*u + 310. What is the units digit of u?
2
Let t = -3 + 5. Suppose t*j = -0*j + 2. What is the units digit of j?
1
Suppose 0 = 2*z - 32 - 44. What is the units digit of z?
8
Suppose 400 + 320 = 5*t - 3*m, 2*t + 3*m = 309. What is the hundreds digit of t?
1
Let q(h) = -2*h - 3. Let o(m) = 4*m - 1. Let i = -2 + 1. Let p be o(i). What is the units digit of q(p)?
7
Let s be (-4 - -1) + -1 + 4. Suppose s = -4*o + 3*o + 5*p + 56, 156 = 3*o - 3*p. What is the units digit of o?
1
Let l = 393 - 264. What is the hundreds digit of l?
1
Let n = -2 + 5. Suppose 100 = n*t - 59. Suppose 3*d + 5*j = -d + t, -2*j = -3*d + 11. What is the units digit of d?
7
Suppose -33*j = -34*j + 2. What is the units digit of j?
2
Suppose -5*q + 5*g = -35, 9*g + 15 = q + 4*g. Suppose -3*s = -q*a - 71, -5*s + 2*a + 46 + 85 = 0. What is the tens digit of s?
2
Suppose -l + i + 123 = -2*i, l = 5*i + 113. What is the tens digit of l?
3
Let c = 7 + -24. Let k = c - -38. What is the units digit of k?
1
Let x be ((-6)/8)/(4/(-16)). Suppose -x - 22 = -5*y, g + 22 = 4*y. Let q(s) = s**2 + 2*s + 1. What is the units digit of q(g)?
1
What is the tens digit of 108/5 + (-12)/20?
2
Let l(i) = 3 - 6 - 3*i + 5. Let b be l(6). What is the tens digit of b/(-12)*24/2?
1
Let v(p) = 2*p - 2. What is the tens digit of v(7)?
1
Let s(j) = -3*j + 11*j**2 - 2*j**3 + 5*j + 1 + 0*j**3 + j**3. What is the units digit of s(11)?
3
Let b(y) be the third derivative of -5*y**6/24 + y**4/24 - 4*y**2. Let a be b(-1). Let j = -7 + a. What is the units digit of j?
7
Let m = -100 - -218. What is the hundreds digit of m?
1
Let a be -1 + -1*(-4)/(-2). What is the units digit of (10/a)/(5/(-30))?
0
Let z be (-2)/(-5) + (-546)/65. What is the units digit of (0 - z)/(2/6)?
4
Let q(g) = 2*g + 4. Let n be (-3)/8*2*8. Let u be q(n). What is the units digit of 3/(13/u - -2)?
8
Suppose j = 2*o - 35, -2*o - 2*j + 38 = -4*j. What is the tens digit of o?
1
Suppose 0 = -0*o - 4*o + 12. Suppose o*z - z - 6 = 0. What is the units digit of z?
3
Let d(g) = g**2 - 6*g + 1. Let n be d(5). Let q be (6/15)/(n/20). What is the units digit of 7*(q + 26/7)?
2
Suppose -5*n = 14*n - 6517. What is the units digit of n?
3
Suppose 16*u = 9*u + 406. What is the tens digit of u?
5
Suppose a = -4*t + 6*t + 9, 0 = -2*a + 3*t + 19. Let r = -2 + a. What is the units digit of r?
9
Let r(w) = w + 8. Suppose -4*y - y = -3*u + 2, 0 = -4*y - 16. Let i be r(u). Suppose 4*l - i = 2*l. What is the units digit of l?
1
Let z(p) = p + 21. Let u = 18 - 9. What is the units digit of z(u)?
0
Let j(x) = x. Let y be j(5). Let r = 28 - y. What is the tens digit of r?
2
Suppose 4*z - 50 = 5*a, 5*a - 5 = 5. What is the units digit of z?
5
Let o(b) = 29*b + 0 - 14*b - 3 + 2. Let s(p) = p + 4. Let v be s(-3). What is the tens digit of o(v)?
1
Let g(m) = m**2 + m + 16. Let a be g(0). Suppose 4*u + 5*n = -u, -3*u - 8 = n. What is the units digit of (-3)/u*a*1?
2
Let c(k) = 3*k - 4. What is the tens digit of c(8)?
2
Let t = 2 - -3. Let u = t - 1. Suppose u*m - 15 = -m. What is the units digit of m?
3
Suppose 2 = 2*w - 6. Let q(a) = 4*a + 7. What is the tens digit of q(w)?
2
Let u = -11 - -8. Let c = u + 3. Suppose 0 = -2*g + 3*v + 11, g + c*v = -4*v - 11. What is the units digit of g?
1
Suppose -4*d - 6 = 2*z, 4*z + 23 = 5*d - 15. Let c = 20 + z. Suppose -5 = 2*w - c. What is the units digit of w?
4
Let g(m) = -m**2 + 6*m + 9. Let k be g(7). Suppose -h = 2*x - 2 - 1, 0 = k*x + 3*h - 5. Let s(d) = 3*d**2 + 2*d - 1. What is the units digit of s(x)?
4
Let v be 6/9*6/(-4). Let k = 1 - v. Suppose 3*o = 5*n - k*o - 125, n + 2*o = 10. What is the units digit of n?
0
Suppose 3*k - 8*k = -5. Let j be 2*(3/2 + k). Suppose -5*r + 28 = -3*b + j*b, -2*b - 12 = -5*r. What is the units digit of b?
4
Suppose -6 = -3*a - 0*a. Let r(l) = 2 - 1 + l - 6*l**2 + 26*l**a. What is the units digit of r(-1)?
0
Let q(i) = -i**2 + i + 1. Let u(d) = -5*d**2 - 3*d - 7. Let h(m) = 6*q(m) - u(m). Suppose 5*o + 35 = c, o + 48 = 3*c + 13. What is the units digit of h(c)?
3
Let u be 0 + -2 + (-2)/1. Let g = -1 - u. What is the units digit of g?
3
Suppose 7*n = 3*n + 204. What is the tens digit of n?
5
Let w(f) = f + 1. Suppose -2*a - 1 + 5 = -4*z, -2*z - 2 = a. What is the units digit of w(a)?
1
Let o be (-2 - 0/(-1))*-2. Suppose -o*i + 144 = -72. Suppose -3*d + 3 = -i. What is the units digit of d?
9
Let g(d) = 57*d**2 + 2*d + 1. Let i be g(-1). What is the units digit of (-564)/(-14) + (-16)/i?
0
Let y be 40/14 - (-1)/7. Suppose 0 = -4*b - 5*m + 5 + 59, -4*m = -b + 16. Suppose -y*q - 3*g = 2*q - b, 3*g = 3*q. What is the units digit of q?
2
Suppose 0 = -y + 3, 2*t + 5*y - 17 - 2 = 0. Suppose 3*p = t*p + 11. What is the units digit of p?
1
Let z = -1 - -3. Suppose -32 + 8 = -z*l. What is the tens digit of l?
1
Suppose 0 = -8*m + 3*m. Suppose 0 = 3*f - m + 6. Let q(k) = k**3 + 4*k**2 + 4*k + 3. What is the units digit of q(f)?
3
Suppose -3*l + 0*c = c - 11, 2*l = -5*c + 29. Suppose -l*h + 80 = 3*o, -4*h + 0*h + 160 = 5*o. What is the units digit of h?
0
Suppose -3*m = 4*q + 57, -2*q - 17 = 2*m - m. Let t = m + 13. What is the units digit of (-6)/(-30) + (-38)/t?
4
Let u = -16 + 90. Let j = u - 39. What is the tens digit of j?
3
Suppose -4*x - 16 = 0, y - 2*y + 99 = 2*x. What is the tens digit of y?
0
Let s(i) = 18*i**3. Let l be s(-1). Let m = -87 + 56. Let p = l - m. What is the units digit of p?
3
Let x = 10 + -6. Suppose -x*v + 49 = -5*f, 4*f = 5*v - 0*v - 59. What is the tens digit of v?
1
Let m = -10 - -18. Let q(c) = -c**2 + 9*c - 11. Let k be q(m). Let u(n) = -n + 1. What is the units digit of u(k)?
4
Let f be 1 + (0 - 2*5). Let k(p) = -p**2 - 11*p - 3. Let r be k(f). Suppose -5*z + r = 0, -d = -0*d + 3*z - 16. What is the units digit of d?
7
What is the units digit of 1/((-2)/(-62)) - 2?
9
Let y = 5 + -5. Suppose -5*b - 46 = -4*f, -5*f + 51 = -y*b - 3*b. What is the units digit of (-3)/f + 50/6?
8
Let l be (-5)/(-20) - (-15)/4. Suppose a + 4 = -l. Let w = -5 - a. What is the units digit of w?
3
Let n(s) be the first derivative of -11*s**4/4 - s**3/3 - s**2/2 - s - 1. Let k(a) = -a**2 - 6*a - 1. Let y be k(-6). What is the tens digit of n(y)?
1
Let n be (-36)/(-2)*(-4)/6. Let g = -2 - n. What is the tens digit of g?
1
Let f = 71 + -21. What is the units digit of f?
0
Let f = -14 - -10. Let a(p) = 43*p - 83*p + 39*p. What is the units digit of a(f)?
4
Let i(c) = 9*c**2 - c. What is the tens digit of i(2)?
3
Let s(o) = 5*o**2 - 4*o + 0 + 1 + 1 - o**3. Let m be ((-4)/1)/(-1) - 1. What is the units di